2
Let p = 228 + -19. Let v(k) = -19*k. Let h be v(-1). Calculate the highest common factor of p and h.
19
Let m = -1 + 15. What is the greatest common factor of m and 98?
14
Let i(a) = -3*a - 8. Let t be i(-11). What is the greatest common factor of t and 275?
25
Let f = -14 + 4. Let h be (6 + 0)*f/(-2). Let w(c) = c**3 + c**2 - c + 20. Let q be w(0). Calculate the highest common factor of q and h.
10
Let n(r) = r - 5. Let i be n(9). What is the highest common divisor of i and 8?
4
Suppose 44 = 5*r - 1. Suppose -s - 4*k + 101 = 0, 4*s + 3*k - 204 - 135 = 0. What is the greatest common divisor of r and s?
9
Suppose 15 = -3*j, -46 = -2*z + 2*j + 36. What is the highest common factor of z and 90?
18
Suppose 30 = s + 4*a, 3*s - 4*a - 22 = a. What is the highest common divisor of s and 28?
14
Let o be (-42)/(-9) - 4/6. Let c be (-1430)/7 - o/(-14). Let d = 347 + c. What is the greatest common factor of d and 13?
13
Suppose 3*z - 642 = -3*h + 306, -2*z = -4*h - 626. Let d = z + -203. What is the highest common factor of d and 16?
16
Let h(t) = -t**3 + 14*t**2 - 22*t. Let a be h(10). What is the greatest common divisor of 45 and a?
45
Suppose 5*s + 10 = -15, -5*j - 4*s - 5 = 0. Let c(i) = 4*i - 7. Let v be c(4). Calculate the greatest common divisor of v and j.
3
Suppose -2*o + 8 = -2. What is the highest common divisor of 20 and o?
5
Suppose -4*h - y - 4 = 0, 5*y + 4 = -4*h + 16. Let t be 2/(3/(-9)*h). Let c be 236/10 + 2/5. What is the greatest common factor of c and t?
3
Suppose 5*m + 244 - 967 = -3*y, -579 = -4*m - 3*y. Calculate the highest common factor of 48 and m.
48
Let q(w) = -w**2 + 9*w + 6. Let b be q(8). Let c = b - 6. Calculate the highest common factor of c and 4.
4
Let n = 49 - 27. Suppose 3*h = -n + 67. Suppose -1 = -b + h. What is the greatest common divisor of b and 8?
8
Let r(s) = s**3 + 5*s**2 + 2*s - 2. Let a be r(-3). What is the highest common divisor of 110 and a?
10
Let i(d) = 5*d - 1. Let a be i(1). Let b = 8 - a. Suppose 0*l - b*m = 2*l - 2, 4*l - 16 = -5*m. What is the greatest common divisor of 45 and l?
9
Suppose -4*m + 3*m - 89 = -3*u, -3*u = -2*m - 91. Let d = 40 - u. Calculate the greatest common factor of 55 and d.
11
Let k(w) = 2*w**2 + 4*w - 4. Let x be k(-4). Suppose -5*i - 9 = -4*f - 301, 4*i + 5*f - 250 = 0. Calculate the highest common divisor of x and i.
12
Let a(y) = y**2 - 6*y - 6. Let f be a(7). Suppose -5*c + 6 - f = 0. Let d be 12 + c/(2/(-2)). What is the highest common divisor of 44 and d?
11
Let a(k) = 2*k**3 + 4*k**2 + k. Let n be a(-3). Let i = -20 - n. Calculate the highest common divisor of 4 and i.
1
Let o be 1 - 0 - (1 + -2). Let w(v) = 4*v**3 + v. Let z be w(1). What is the highest common divisor of z and o?
1
Let r(f) be the third derivative of f**4/6 + 5*f**3/3 + 8*f**2. Let a be r(5). What is the greatest common divisor of a and 15?
15
Suppose -3*p - 9 = 0, 4*p = -5*r + 3*r + 178. Calculate the highest common divisor of 38 and r.
19
Let m = 6 + -2. Suppose -4*p - m*t = 8, 5*p = 4*t + 43 - 17. What is the highest common factor of 2 and p?
2
Suppose 4*q + 17 = -6*n + n, 12 = -4*q - 4*n. Let f be (q/2)/((-13)/(-78)). What is the greatest common factor of 4 and f?
2
Suppose 3*h + h - 6 = -3*m, 0 = -3*h - 4*m + 1. Suppose r - 34 = j, 3*r + h*j = r + 58. Calculate the greatest common divisor of r and 4.
4
Suppose 0 = -3*c + c + 8. Suppose -2*n - 12 = -c*n. Calculate the highest common factor of n and 2.
2
Suppose -3*f - 21 = -60. Suppose 5*x = 2*x + 78. Calculate the greatest common factor of f and x.
13
Suppose 70 = 6*h - 14. Calculate the greatest common divisor of h and 42.
14
Suppose -8 = -2*t, 0 = -3*k + 2*k + 4*t - 154. Let b = k + 229. Let z = -21 + b. What is the greatest common factor of z and 10?
10
Let k be (42/(-9))/((-6)/9). What is the greatest common divisor of 21 and k?
7
Suppose -v + 14 = -a, -5*a - 27 = -2*v + 1. Let u = -8 - 5. Let r = u + 48. What is the highest common divisor of v and r?
7
Let j be 2/((-3)/3*(-7)/161). Calculate the greatest common factor of 115 and j.
23
Suppose -k + 4*k = -3*y, 4*y - k = 25. Let x = y - 3. Let a be (46 - -1 - x)*1. Calculate the greatest common divisor of a and 15.
15
Let t be -4*(-18)/(-16)*-2. Let q(g) = g**3 + 18*g**2 + 17*g + 18. Let h be q(-17). Calculate the highest common divisor of h and t.
9
Let l = -24 + 28. What is the highest common factor of l and 36?
4
Suppose 2*i - 42 = 70. Let t(u) = u + i*u**2 + u**2 + u - 1 + 12*u**2. Let w be t(1). Calculate the greatest common factor of 28 and w.
14
Suppose -7*a + 5 = -6*a. Calculate the greatest common divisor of a and 10.
5
Let s(t) = 2*t**2 - 5*t + 11. Let z be s(10). What is the greatest common divisor of z and 23?
23
Let h(x) = -x - 1. Let b be h(-3). Let d = 21 - 18. Suppose j = 4*y - 11 - 1, -d*y - 3*j - 6 = 0. What is the greatest common factor of b and y?
2
Suppose -5*d - 3*z = -d, 5*d + 4*z = 0. Suppose t + d = 5. Calculate the greatest common factor of t and 10.
5
Suppose s - 3*s - 5*k = -52, -3*k = -2*s + 84. Suppose -4*x = -2*x - 18. Let c = 13 - x. Calculate the highest common factor of s and c.
4
Let i(p) = -4*p - 6. Let l be i(-9). What is the greatest common factor of l and 20?
10
Suppose m + 3*g - 5 = 0, -5*g - 2 = -m - 5. Let z = -20 + 53. Let v be (-1 + 5/3)*z. What is the highest common factor of m and v?
2
Suppose 2*j + 0*j = -4*r + 42, 37 = 4*r + j. Calculate the greatest common divisor of 16 and r.
8
Let o = -92 + 158. Calculate the greatest common divisor of 44 and o.
22
Let u(c) = -3 + 3 - 3*c. Let y be u(-4). Let j = 6 + 6. What is the greatest common divisor of j and y?
12
Let w be 9 + 6/(-4)*2. Let d(t) = -18*t**3. Let c be d(1). Let i = 0 - c. Calculate the highest common divisor of i and w.
6
Let h = -117 - -120. What is the highest common divisor of h and 57?
3
Suppose 5*i + 5*z = -0*z - 5, -4*i + 11 = z. Suppose r + 6 = i*r. Calculate the greatest common divisor of r and 18.
2
Let i be (-3)/(-6)*0/3. Let n = 4 + i. Let q = 10 - -18. Calculate the highest common divisor of n and q.
4
Suppose 3*v + 186 = 4*x, 2*x - 3 - 89 = v. Calculate the highest common divisor of 5 and x.
5
Let v(t) = t - 1. Let o(j) = 2*j - 2. Let l(r) = -6*o(r) + 13*v(r). Let g be l(6). Suppose g*n - 32 = 3. Calculate the highest common divisor of n and 14.
7
Let z be (-2 - -4 - 5)/(6/(-44)). Calculate the highest common factor of z and 55.
11
Suppose -3*y + 42 - 12 = 0. Calculate the greatest common divisor of y and 5.
5
Let d be ((-10)/(-25))/((-2)/(-450)). What is the highest common factor of d and 10?
10
Let g = 6 + 12. Suppose 4*q = q. Suppose 0 = 6*c - q*c - 162. Calculate the highest common divisor of g and c.
9
Let d = -3 - -6. Suppose -48 + 9 = -d*u. Let l be 53 + 2 + 3*-1. Calculate the greatest common divisor of u and l.
13
Suppose 48 = 5*w + 3. Suppose s - w = -0*s. What is the highest common factor of s and 9?
9
Suppose m = -4*m + 125. Let i be ((-6)/(-15))/(1/m). Let z = 31 + -11. What is the greatest common divisor of i and z?
10
Suppose 0 = -4*y + 3*y + 8. What is the greatest common divisor of y and 20?
4
Let x(n) = -n**2 + 4*n. Let j be x(3). Suppose 2*v = j*v - 3. Let q be 8/2 - (-4 + 6 - 4). What is the greatest common factor of v and q?
3
Let m = 101 + -61. Let n(k) = k**3 + 11*k**2 + 20. Let p be n(-11). What is the highest common divisor of m and p?
20
Let k be ((-27)/27)/(2 + 131/(-65)). Let u = -9 + 35. Calculate the greatest common factor of k and u.
13
Suppose 10 = b - 2. Let x = 62 - b. What is the greatest common factor of x and 10?
10
Let l(n) = 7*n**2 - 8 - 2*n**2 - 3*n**3 + 5*n**3 + 2*n**2 - 4*n. Let s be l(-6). Let m = 236 + s. Calculate the greatest common factor of m and 8.
8
Let a be 35 + ((-2)/(-4))/(7/(-28)). What is the greatest common divisor of a and 3?
3
Let a(y) = y**2 + 8*y - 3. Let t be a(-9). Calculate the highest common factor of 4 and t.
2
Let u(r) = -r**2 - r + 6. Let b be u(0). Let w be ((-1)/2)/(b/12). Let k be 15 + w + -1 - 2. Calculate the greatest common factor of k and 55.
11
Let h be 66/(-154) + (-598)/(-7). What is the highest common factor of 17 and h?
17
Let q = 115 + -61. Suppose -3*x = -d + 14, -3*x + q = 3*d - 8*x. Suppose d = 3*b - 13. What is the highest common divisor of b and 6?
6
Let j be 0 - ((-4 - -6) + -11). Calc